{"id":607,"date":"2023-12-06T14:48:36","date_gmt":"2023-12-06T13:48:36","guid":{"rendered":"https:\/\/fenacogof.wpengine.com\/changements-concernant-la-douane\/"},"modified":"2026-03-27T08:02:32","modified_gmt":"2026-03-27T07:02:32","slug":"changements-concernant-la-douane","status":"publish","type":"page","link":"https:\/\/www.fenaco-gof.ch\/fr\/changements-concernant-la-douane\/","title":{"rendered":"Changements concernant la douane"},"content":{"rendered":"\n<p>Vous trouverez ci-dessous les changements actuels concernant la douane pour les mati\u00e8res premi\u00e8res import\u00e9es.<\/p>\n\n\n\n<ul class=\"wp-block-list\">\n<li><a href=\"https:\/\/www.fenaco-gof.ch\/wp-content\/uploads\/2026\/03\/PZ-01.04.2026-f.pdf\" target=\"_blank\" rel=\"noreferrer noopener\">Avril 2026<\/a><\/li>\n\n\n\n<li><a href=\"http:\/\/www.fenaco-gof.ch\/wp-content\/uploads\/2026\/02\/PZ-01.03.2026-f.pdf\" target=\"_blank\" rel=\"noreferrer noopener\">Mars 2026<\/a><\/li>\n\n\n\n<li><a href=\"https:\/\/www.fenaco-gof.ch\/wp-content\/uploads\/2026\/01\/PZ-01.02.2026-f.pdf\" target=\"_blank\" rel=\"noreferrer noopener\">F\u00e9vrier 2026<\/a><\/li>\n\n\n\n<li><a href=\"https:\/\/www.fenaco-gof.ch\/wp-content\/uploads\/2025\/12\/PZ-01.01.2026-f.pdf\" target=\"_blank\" rel=\"noreferrer noopener\">Janvier 2026<\/a><\/li>\n<\/ul>\n\n\n\n<div style=\"height:61px\" aria-hidden=\"true\" class=\"wp-block-spacer\"><\/div>\n\n\n\n<ul class=\"wp-block-list\">\n<li><a href=\"https:\/\/www.fenaco-gof.ch\/wp-content\/uploads\/2025\/11\/PZ-01.12.2025-f.pdf\" target=\"_blank\" rel=\"noreferrer noopener\">D\u00e9cembre 2025<\/a><\/li>\n\n\n\n<li><a href=\"https:\/\/www.fenaco-gof.ch\/wp-content\/uploads\/2025\/10\/PZ-01.11.2025-f.pdf\" target=\"_blank\" rel=\"noreferrer noopener\">Novembre 2025<\/a><\/li>\n\n\n\n<li><a href=\"https:\/\/www.fenaco-gof.ch\/wp-content\/uploads\/2025\/09\/PZ-01.10.2025-f.pdf\" target=\"_blank\" rel=\"noreferrer noopener\">Octobre 2025<\/a><\/li>\n\n\n\n<li><a href=\"https:\/\/www.fenaco-gof.ch\/wp-content\/uploads\/2025\/08\/PZ-01.09.2025-f.pdf\" target=\"_blank\" rel=\"noreferrer noopener\">Septembre 2025<\/a><\/li>\n\n\n\n<li><a href=\"https:\/\/www.fenaco-gof.ch\/wp-content\/uploads\/2025\/07\/PZ-01.08.2025-f.pdf\" target=\"_blank\" rel=\"noreferrer noopener\">Ao\u00fbt 2025<\/a><\/li>\n\n\n\n<li><a href=\"https:\/\/www.fenaco-gof.ch\/wp-content\/uploads\/2025\/06\/PZ-01.07.2025-f.pdf\" target=\"_blank\" rel=\"noreferrer noopener\">Juli 2025<\/a><\/li>\n\n\n\n<li><a href=\"https:\/\/www.fenaco-gof.ch\/wp-content\/uploads\/2025\/05\/PZ-01.06.2025-f.pdf\" target=\"_blank\" rel=\"noreferrer noopener\">Juin 2025<\/a><\/li>\n\n\n\n<li><a href=\"https:\/\/www.fenaco-gof.ch\/wp-content\/uploads\/2025\/04\/PZ-01.05.2025-f.pdf\" target=\"_blank\" rel=\"noreferrer noopener\">Mai 2025<\/a><\/li>\n\n\n\n<li><a href=\"https:\/\/www.fenaco-gof.ch\/wp-content\/uploads\/2025\/03\/PZ-01.04.2025-f.pdf\" target=\"_blank\" rel=\"noreferrer noopener\">Avril 2025<\/a><\/li>\n\n\n\n<li><a href=\"https:\/\/www.fenaco-gof.ch\/wp-content\/uploads\/2025\/02\/PZ-01.03.2025-f.pdf\" target=\"_blank\" rel=\"noreferrer noopener\">Mars 2025<\/a><\/li>\n\n\n\n<li><a href=\"https:\/\/www.fenaco-gof.ch\/wp-content\/uploads\/2025\/01\/PZ-01.02.2025-f.pdf\" target=\"_blank\" rel=\"noreferrer noopener\">F\u00e9vrier 2025<\/a><\/li>\n\n\n\n<li><a href=\"https:\/\/www.fenaco-gof.ch\/wp-content\/uploads\/2024\/12\/PZ-01.01.2025-f.pdf\" target=\"_blank\" rel=\"noreferrer noopener\">Janvier 2025<\/a><\/li>\n<\/ul>\n\n\n\n<div style=\"height:20px\" aria-hidden=\"true\" class=\"wp-block-spacer\"><\/div>\n\n\n\n<p>Vous souhaitez \u00eatre inform\u00e9 chaque mois des changements actuels concernant la douane ? Inscrivez-vous \u00e0 notre newsletter \u00e0 l&rsquo;adresse suivante <a href=\"mailto:info.gof@fenaco.com?subject=Inscription%20\u00e0%20la%20Newsletter%20Changement%20concernant%20la%20douande&amp;body=Bonjour%20%0a%20%0aJe%20souhaite%20m'inscrire%20pour%20la%20newsletter%20changements%20concernant%20la%20douane%20%0a%0aMerci%20beaucoup%20et%20meilleures%20salutations.\">info.gof@fenaco.com<\/a>.<\/p>\n\n\n\n<p><\/p>\n","protected":false},"excerpt":{"rendered":"<p>Vous trouverez ci-dessous les changements actuels concernant la douane pour les mati\u00e8res premi\u00e8res import\u00e9es. Vous souhaitez \u00eatre inform\u00e9 chaque mois des changements actuels concernant la douane ? Inscrivez-vous \u00e0 notre newsletter \u00e0 l&rsquo;adresse suivante info.gof@fenaco.com.<\/p>\n","protected":false},"author":4,"featured_media":0,"parent":0,"menu_order":0,"comment_status":"closed","ping_status":"closed","template":"","meta":{"_acf_changed":false,"inline_featured_image":false,"_genesis_hide_title":false,"_genesis_hide_breadcrumbs":false,"_genesis_hide_singular_image":false,"_genesis_hide_footer_widgets":false,"_genesis_custom_body_class":"","_genesis_custom_post_class":"","_genesis_layout":"","footnotes":""},"class_list":{"0":"post-607","1":"page","2":"type-page","3":"status-publish","5":"entry"},"acf":[],"_links":{"self":[{"href":"https:\/\/www.fenaco-gof.ch\/fr\/wp-json\/wp\/v2\/pages\/607","targetHints":{"allow":["GET"]}}],"collection":[{"href":"https:\/\/www.fenaco-gof.ch\/fr\/wp-json\/wp\/v2\/pages"}],"about":[{"href":"https:\/\/www.fenaco-gof.ch\/fr\/wp-json\/wp\/v2\/types\/page"}],"author":[{"embeddable":true,"href":"https:\/\/www.fenaco-gof.ch\/fr\/wp-json\/wp\/v2\/users\/4"}],"replies":[{"embeddable":true,"href":"https:\/\/www.fenaco-gof.ch\/fr\/wp-json\/wp\/v2\/comments?post=607"}],"version-history":[{"count":0,"href":"https:\/\/www.fenaco-gof.ch\/fr\/wp-json\/wp\/v2\/pages\/607\/revisions"}],"wp:attachment":[{"href":"https:\/\/www.fenaco-gof.ch\/fr\/wp-json\/wp\/v2\/media?parent=607"}],"curies":[{"name":"wp","href":"https:\/\/api.w.org\/{rel}","templated":true}]}}

<p>Vous trouverez ci-dessous les changements actuels concernant la douane pour les matières premières importées.</p>



<ul class="wp-block-list">
<li><a href="https://www.fenaco-gof.ch/wp-content/uploads/2026/03/PZ-01.04.2026-f.pdf" target="_blank" rel="noreferrer noopener">Avril 2026</a></li>



<li><a href="http://www.fenaco-gof.ch/wp-content/uploads/2026/02/PZ-01.03.2026-f.pdf" target="_blank" rel="noreferrer noopener">Mars 2026</a></li>



<li><a href="https://www.fenaco-gof.ch/wp-content/uploads/2026/01/PZ-01.02.2026-f.pdf" target="_blank" rel="noreferrer noopener">Février 2026</a></li>



<li><a href="https://www.fenaco-gof.ch/wp-content/uploads/2025/12/PZ-01.01.2026-f.pdf" target="_blank" rel="noreferrer noopener">Janvier 2026</a></li>
</ul>



<div style="height:61px" aria-hidden="true" class="wp-block-spacer"></div>



<ul class="wp-block-list">
<li><a href="https://www.fenaco-gof.ch/wp-content/uploads/2025/11/PZ-01.12.2025-f.pdf" target="_blank" rel="noreferrer noopener">Décembre 2025</a></li>



<li><a href="https://www.fenaco-gof.ch/wp-content/uploads/2025/10/PZ-01.11.2025-f.pdf" target="_blank" rel="noreferrer noopener">Novembre 2025</a></li>



<li><a href="https://www.fenaco-gof.ch/wp-content/uploads/2025/09/PZ-01.10.2025-f.pdf" target="_blank" rel="noreferrer noopener">Octobre 2025</a></li>



<li><a href="https://www.fenaco-gof.ch/wp-content/uploads/2025/08/PZ-01.09.2025-f.pdf" target="_blank" rel="noreferrer noopener">Septembre 2025</a></li>



<li><a href="https://www.fenaco-gof.ch/wp-content/uploads/2025/07/PZ-01.08.2025-f.pdf" target="_blank" rel="noreferrer noopener">Août 2025</a></li>



<li><a href="https://www.fenaco-gof.ch/wp-content/uploads/2025/06/PZ-01.07.2025-f.pdf" target="_blank" rel="noreferrer noopener">Juli 2025</a></li>



<li><a href="https://www.fenaco-gof.ch/wp-content/uploads/2025/05/PZ-01.06.2025-f.pdf" target="_blank" rel="noreferrer noopener">Juin 2025</a></li>



<li><a href="https://www.fenaco-gof.ch/wp-content/uploads/2025/04/PZ-01.05.2025-f.pdf" target="_blank" rel="noreferrer noopener">Mai 2025</a></li>



<li><a href="https://www.fenaco-gof.ch/wp-content/uploads/2025/03/PZ-01.04.2025-f.pdf" target="_blank" rel="noreferrer noopener">Avril 2025</a></li>



<li><a href="https://www.fenaco-gof.ch/wp-content/uploads/2025/02/PZ-01.03.2025-f.pdf" target="_blank" rel="noreferrer noopener">Mars 2025</a></li>



<li><a href="https://www.fenaco-gof.ch/wp-content/uploads/2025/01/PZ-01.02.2025-f.pdf" target="_blank" rel="noreferrer noopener">Février 2025</a></li>



<li><a href="https://www.fenaco-gof.ch/wp-content/uploads/2024/12/PZ-01.01.2025-f.pdf" target="_blank" rel="noreferrer noopener">Janvier 2025</a></li>
</ul>



<div style="height:20px" aria-hidden="true" class="wp-block-spacer"></div>



<p>Vous souhaitez être informé chaque mois des changements actuels concernant la douane ? Inscrivez-vous à notre newsletter à l&rsquo;adresse suivante <a href="mailto:info.gof@fenaco.com?subject=Inscription%20à%20la%20Newsletter%20Changement%20concernant%20la%20douande&amp;body=Bonjour%20%0a%20%0aJe%20souhaite%20m'inscrire%20pour%20la%20newsletter%20changements%20concernant%20la%20douane%20%0a%0aMerci%20beaucoup%20et%20meilleures%20salutations.">info.gof@fenaco.com</a>.</p>



<p></p>

<p>Vous trouverez ci-dessous les changements actuels concernant la douane pour les matières premières importées. Vous souhaitez être informé chaque mois des changements actuels concernant la douane ? Inscrivez-vous à notre newsletter à l&rsquo;adresse suivante info.gof@fenaco.com.</p>
